{"id":438,"date":"2024-02-07T11:25:43","date_gmt":"2024-02-07T10:25:43","guid":{"rendered":"https:\/\/sophro-epokhe.fr\/?page_id=438"},"modified":"2024-09-11T12:50:24","modified_gmt":"2024-09-11T10:50:24","slug":"quest-ce-que-la-sophrologie","status":"publish","type":"page","link":"https:\/\/sophro-epokhe.fr\/?page_id=438","title":{"rendered":"Qu&rsquo;est-ce que la sophrologie ?"},"content":{"rendered":"\n<p class=\"has-text-color has-link-color wp-elements-1389d4fcf2a431fd3e0755dfa10f2f9d\" style=\"color:#393939\">La sophrologie est une m\u00e9thode psychocorporelle qui contribue \u00e0 renforcer l&rsquo;harmonie entre le corps et l&rsquo;esprit. Sa pratique apporte de nombreux b\u00e9n\u00e9fices.<\/p>\n\n\n\n<h3 class=\"wp-block-heading has-text-align-center has-text-color has-background has-link-color wp-elements-5cc64e2050334bc9670ce3f9d63d62ee\" style=\"color:#393939;background-color:#c2c47f\">Ses apports<\/h3>\n\n\n\n<p class=\"has-text-color has-link-color wp-elements-216fb04359a4d4dd675d3ad2beff3430\" style=\"color:#393939\">La sophrologie offre bien davantage qu&rsquo;une simple relaxation, qui est le point d\u00e9part de cette discipline \u00e0 m\u00e9diation corporelle.<\/p>\n\n\n\n<p class=\"has-text-color has-link-color wp-elements-c14e71a3128fcb96e0b1fa386ce08353\" style=\"color:#393939\">Cette <strong>m\u00e9thode psychocorporelle<\/strong> permet de <strong>stimuler<\/strong> et <strong>renforcer<\/strong> nos <strong>capacit\u00e9s<\/strong> et <strong>ressources personnelles<\/strong>.<\/p>\n\n\n\n<p class=\"has-text-color has-link-color wp-elements-c54af688512aaca2f189d293bd2fdaa8\" style=\"color:#393939\">La sophrologie nous offre de mettre de la conscience sur nos fonctionnements sans jugement ni a priori. Elle contribue \u00e0 une <strong>meilleure connaissance de soi<\/strong> et une <strong>am\u00e9lioration de son bien-\u00eatre<\/strong>. Sa pratique agit sur les structures physiques, affectives et mentales de notre Etre<\/p>\n\n\n<div class=\"wp-block-image\">\n<figure class=\"aligncenter size-full is-resized\"><img loading=\"lazy\" decoding=\"async\" width=\"1000\" height=\"666\" src=\"https:\/\/sophro-epokhe.fr\/wp-content\/uploads\/2024\/02\/03Sophrologie-relaxation-dynamique-stress-detente-respiration-parenthese-verrieres-le-buisson-91370.jpg\" alt=\"\" class=\"wp-image-552\" style=\"width:518px;height:auto\" srcset=\"https:\/\/sophro-epokhe.fr\/wp-content\/uploads\/2024\/02\/03Sophrologie-relaxation-dynamique-stress-detente-respiration-parenthese-verrieres-le-buisson-91370.jpg 1000w, https:\/\/sophro-epokhe.fr\/wp-content\/uploads\/2024\/02\/03Sophrologie-relaxation-dynamique-stress-detente-respiration-parenthese-verrieres-le-buisson-91370-300x200.jpg 300w, https:\/\/sophro-epokhe.fr\/wp-content\/uploads\/2024\/02\/03Sophrologie-relaxation-dynamique-stress-detente-respiration-parenthese-verrieres-le-buisson-91370-768x511.jpg 768w\" sizes=\"auto, (max-width: 1000px) 100vw, 1000px\" \/><\/figure>\n<\/div>\n\n\n<blockquote class=\"wp-block-quote has-text-align-center is-style-plain has-text-color has-link-color wp-elements-16fcc93f2fe781316bfbc77f655abd8e is-layout-flow wp-block-quote-is-layout-flow\" style=\"color:#393939;font-style:normal;font-weight:400\">\n<p class=\"has-text-align-center has-text-color has-link-color wp-elements-1b806cb41fe9a81e835e1eac786d33e2\" style=\"color:#393939\"><br><strong>\u00ab&nbsp;La sant\u00e9 est un \u00e9tat complet de bien- \u00eatre physique, mental et social, et ne consiste pas seulement en une absence de maladie ou d\u2019infirmit\u00e9.&nbsp;\u00bb<\/strong><\/p>\n<cite>D\u00e9finition de la sant\u00e9 selon l&rsquo;<strong>OMS<\/strong> (<a href=\"https:\/\/www.who.int\/fr\/about\/frequently-asked-questions#:~:text=Comment%20l%27OMS%20d%C3%A9finit%2Delle,maladie%20ou%20d%27infirmit%C3%A9%C2%BB.\">Organisation Mondiale de la Sant\u00e9<\/a>)<\/cite><\/blockquote>\n\n\n\n<h3 class=\"wp-block-heading has-text-align-center has-text-color has-background has-link-color wp-elements-a47fe68693563313f877054a1a618bb6\" style=\"color:#393939;background-color:#c2c47f\">Son origine<\/h3>\n\n\n\n<p class=\"has-text-color has-link-color wp-elements-6e74aafdd681bd07ffd216fefd85887c\" style=\"color:#393939\">Dans ses recherches sur les \u00e9tats de conscience modifi\u00e9s, le <strong>Professeur Alfonso Caycedo<\/strong> (neuropsychiatre) s\u2019est inspir\u00e9 de disciplines occidentales et orientales vari\u00e9es (yoga, hypnose, m\u00e9ditation bouddhique, techniques zen japonais\u2026) pour cr\u00e9er sa m\u00e9thode en 1960.<\/p>\n\n\n\n<p class=\"has-text-color has-link-color wp-elements-e973440338b64d1386a85ad107bf8411\" style=\"color:#393939\">Le Professeur Caycedo a utilis\u00e9 la <strong>ph\u00e9nom\u00e9nologie<\/strong> comme <strong>valeur fondamentale de la sophrologie<\/strong>.<\/p>\n\n\n\n<p class=\"has-text-color has-link-color wp-elements-061622b7ed852a8c361a43e85b0996c3\" style=\"color:#393939\">La <strong>ph\u00e9nom\u00e9nologie<\/strong> est une m\u00e9thode d&rsquo;analyse philosophique, cr\u00e9e par le philosophe Edmond <strong>Husserl<\/strong>, qui consiste \u00e0 <strong>suspendre tout jugement<\/strong> concernant la r\u00e9alit\u00e9 du monde. Suspendre son jugement permet de poser un \u00ab\u00a0regard neuf\u00a0\u00bb sur les situations et les personnes et ainsi se lib\u00e9rer des pr\u00e9jug\u00e9s implicites. Cette suspension du jugement se nomme \u00e9poch\u00e8 qui se prononce <strong>\u00ab&nbsp;<em>epokh\u00ea<\/em>&nbsp;\u00bb <\/strong>&nbsp;en grec.&nbsp;<\/p>\n\n\n\n<div class=\"wp-block-media-text is-stacked-on-mobile\" style=\"grid-template-columns:45% auto\"><figure class=\"wp-block-media-text__media\"><img loading=\"lazy\" decoding=\"async\" width=\"512\" height=\"341\" src=\"https:\/\/sophro-epokhe.fr\/wp-content\/uploads\/2024\/03\/03Sophrologie-relaxation-dynamique-stress-detente-respiration-parenthese-verrieres-le-buisson-91370-v5.jpg\" alt=\"\" class=\"wp-image-906 size-full\" srcset=\"https:\/\/sophro-epokhe.fr\/wp-content\/uploads\/2024\/03\/03Sophrologie-relaxation-dynamique-stress-detente-respiration-parenthese-verrieres-le-buisson-91370-v5.jpg 512w, https:\/\/sophro-epokhe.fr\/wp-content\/uploads\/2024\/03\/03Sophrologie-relaxation-dynamique-stress-detente-respiration-parenthese-verrieres-le-buisson-91370-v5-300x200.jpg 300w\" sizes=\"auto, (max-width: 512px) 100vw, 512px\" \/><\/figure><div class=\"wp-block-media-text__content\">\n<p class=\"has-text-align-center has-text-color has-link-color wp-elements-76b21620d4294ef474963d28ec13c189\" style=\"color:#393939\">Le mot <strong>SOPHROLOGIE<\/strong> prend ses racines dans le grec ancien&nbsp;:<\/p>\n\n\n\n<p class=\"has-text-align-center has-text-color has-link-color wp-elements-114fba93ec93f7d5e94eb7e95bd9d4aa\" style=\"color:#7a826c;font-size:18px;font-style:normal;font-weight:700;text-transform:none\"><em>SOS<\/em> :<strong> <\/strong>Harmonie<\/p>\n\n\n\n<p class=\"has-text-align-center has-text-color has-link-color wp-elements-d2b7efa07a25e55d8a34fdb451efc452\" style=\"color:#7a826c;font-size:18px;font-style:normal;font-weight:700;text-transform:none\"><em>PHREN<\/em> : Esprit<\/p>\n\n\n\n<p class=\"has-text-align-center has-text-color has-link-color wp-elements-b78c2dc2663307e3ddd3ec487d6bd45f\" style=\"color:#7a826c;font-size:18px;font-style:normal;font-weight:700;text-transform:none\"><em>LOGOS <\/em>: Etude<\/p>\n\n\n\n<p class=\"has-text-align-center has-text-color has-link-color wp-elements-1e57561145b73c1da141fc41eb537da4\" style=\"color:#393939\">La SOPHROLOGIE est l\u2019\u00e9tude de l\u2019harmonie de la conscience.<\/p>\n<\/div><\/div>\n\n\n\n<p><\/p>\n","protected":false},"excerpt":{"rendered":"<p>La sophrologie est une m\u00e9thode psychocorporelle qui contribue \u00e0 renforcer l&rsquo;harmonie entre le corps et l&rsquo;esprit. Sa pratique apporte de nombreux b\u00e9n\u00e9fices. Ses apports La sophrologie offre bien davantage qu&rsquo;une simple relaxation, qui est le point d\u00e9part de cette discipline \u00e0 m\u00e9diation corporelle. Cette m\u00e9thode psychocorporelle permet de stimuler et renforcer nos capacit\u00e9s et ressources&hellip; <br \/> <a class=\"read-more\" href=\"https:\/\/sophro-epokhe.fr\/?page_id=438\">Lire la suite<\/a><\/p>\n","protected":false},"author":1,"featured_media":0,"parent":0,"menu_order":0,"comment_status":"closed","ping_status":"closed","template":"","meta":{"footnotes":""},"class_list":["post-438","page","type-page","status-publish","hentry"],"yoast_head":"<!-- This site is optimized with the Yoast SEO plugin v27.3 - https:\/\/yoast.com\/product\/yoast-seo-wordpress\/ -->\n<title>Qu&#039;est-ce que la sophrologie ? - Sophro Epokhe<\/title>\n<meta name=\"description\" content=\"La sophrologie est une m\u00e9thode psychocorporelle. Sa pratique contribue \u00e0 r\u00e9duire le stress, am\u00e9liorer son sommeil, renforcer ses capacit\u00e9s.\" \/>\n<meta name=\"robots\" content=\"index, follow, max-snippet:-1, max-image-preview:large, max-video-preview:-1\" \/>\n<link rel=\"canonical\" href=\"https:\/\/sophro-epokhe.fr\/?page_id=438\" \/>\n<meta property=\"og:locale\" content=\"fr_FR\" \/>\n<meta property=\"og:type\" content=\"article\" \/>\n<meta property=\"og:title\" content=\"Qu&#039;est-ce que la sophrologie ? - Sophro Epokhe\" \/>\n<meta property=\"og:description\" content=\"La sophrologie est une m\u00e9thode psychocorporelle. Sa pratique contribue \u00e0 r\u00e9duire le stress, am\u00e9liorer son sommeil, renforcer ses capacit\u00e9s.\" \/>\n<meta property=\"og:url\" content=\"https:\/\/sophro-epokhe.fr\/?page_id=438\" \/>\n<meta property=\"og:site_name\" content=\"Sophro Epokhe\" \/>\n<meta property=\"article:modified_time\" content=\"2024-09-11T10:50:24+00:00\" \/>\n<meta property=\"og:image\" content=\"https:\/\/sophro-epokhe.fr\/wp-content\/uploads\/2024\/02\/03Sophrologie-relaxation-dynamique-stress-detente-respiration-parenthese-verrieres-le-buisson-91370.jpg\" \/>\n<meta name=\"twitter:card\" content=\"summary_large_image\" \/>\n<meta name=\"twitter:label1\" content=\"Dur\u00e9e de lecture estim\u00e9e\" \/>\n\t<meta name=\"twitter:data1\" content=\"2 minutes\" \/>\n<script type=\"application\/ld+json\" class=\"yoast-schema-graph\">{\"@context\":\"https:\\\/\\\/schema.org\",\"@graph\":[{\"@type\":\"WebPage\",\"@id\":\"https:\\\/\\\/sophro-epokhe.fr\\\/?page_id=438\",\"url\":\"https:\\\/\\\/sophro-epokhe.fr\\\/?page_id=438\",\"name\":\"Qu'est-ce que la sophrologie ? - Sophro Epokhe\",\"isPartOf\":{\"@id\":\"https:\\\/\\\/sophro-epokhe.fr\\\/#website\"},\"primaryImageOfPage\":{\"@id\":\"https:\\\/\\\/sophro-epokhe.fr\\\/?page_id=438#primaryimage\"},\"image\":{\"@id\":\"https:\\\/\\\/sophro-epokhe.fr\\\/?page_id=438#primaryimage\"},\"thumbnailUrl\":\"https:\\\/\\\/sophro-epokhe.fr\\\/wp-content\\\/uploads\\\/2024\\\/02\\\/03Sophrologie-relaxation-dynamique-stress-detente-respiration-parenthese-verrieres-le-buisson-91370.jpg\",\"datePublished\":\"2024-02-07T10:25:43+00:00\",\"dateModified\":\"2024-09-11T10:50:24+00:00\",\"description\":\"La sophrologie est une m\u00e9thode psychocorporelle. Sa pratique contribue \u00e0 r\u00e9duire le stress, am\u00e9liorer son sommeil, renforcer ses capacit\u00e9s.\",\"breadcrumb\":{\"@id\":\"https:\\\/\\\/sophro-epokhe.fr\\\/?page_id=438#breadcrumb\"},\"inLanguage\":\"fr-FR\",\"potentialAction\":[{\"@type\":\"ReadAction\",\"target\":[\"https:\\\/\\\/sophro-epokhe.fr\\\/?page_id=438\"]}]},{\"@type\":\"ImageObject\",\"inLanguage\":\"fr-FR\",\"@id\":\"https:\\\/\\\/sophro-epokhe.fr\\\/?page_id=438#primaryimage\",\"url\":\"https:\\\/\\\/sophro-epokhe.fr\\\/wp-content\\\/uploads\\\/2024\\\/02\\\/03Sophrologie-relaxation-dynamique-stress-detente-respiration-parenthese-verrieres-le-buisson-91370.jpg\",\"contentUrl\":\"https:\\\/\\\/sophro-epokhe.fr\\\/wp-content\\\/uploads\\\/2024\\\/02\\\/03Sophrologie-relaxation-dynamique-stress-detente-respiration-parenthese-verrieres-le-buisson-91370.jpg\",\"width\":1000,\"height\":666},{\"@type\":\"BreadcrumbList\",\"@id\":\"https:\\\/\\\/sophro-epokhe.fr\\\/?page_id=438#breadcrumb\",\"itemListElement\":[{\"@type\":\"ListItem\",\"position\":1,\"name\":\"Accueil\",\"item\":\"https:\\\/\\\/sophro-epokhe.fr\\\/\"},{\"@type\":\"ListItem\",\"position\":2,\"name\":\"Qu&rsquo;est-ce que la sophrologie ?\"}]},{\"@type\":\"WebSite\",\"@id\":\"https:\\\/\\\/sophro-epokhe.fr\\\/#website\",\"url\":\"https:\\\/\\\/sophro-epokhe.fr\\\/\",\"name\":\"Sophro Epokhe\",\"description\":\"\",\"publisher\":{\"@id\":\"https:\\\/\\\/sophro-epokhe.fr\\\/#organization\"},\"potentialAction\":[{\"@type\":\"SearchAction\",\"target\":{\"@type\":\"EntryPoint\",\"urlTemplate\":\"https:\\\/\\\/sophro-epokhe.fr\\\/?s={search_term_string}\"},\"query-input\":{\"@type\":\"PropertyValueSpecification\",\"valueRequired\":true,\"valueName\":\"search_term_string\"}}],\"inLanguage\":\"fr-FR\"},{\"@type\":\"Organization\",\"@id\":\"https:\\\/\\\/sophro-epokhe.fr\\\/#organization\",\"name\":\"Sophro Epokhe\",\"url\":\"https:\\\/\\\/sophro-epokhe.fr\\\/\",\"logo\":{\"@type\":\"ImageObject\",\"inLanguage\":\"fr-FR\",\"@id\":\"https:\\\/\\\/sophro-epokhe.fr\\\/#\\\/schema\\\/logo\\\/image\\\/\",\"url\":\"https:\\\/\\\/sophro-epokhe.fr\\\/wp-content\\\/uploads\\\/2024\\\/04\\\/cropped-logo.jpg\",\"contentUrl\":\"https:\\\/\\\/sophro-epokhe.fr\\\/wp-content\\\/uploads\\\/2024\\\/04\\\/cropped-logo.jpg\",\"width\":384,\"height\":384,\"caption\":\"Sophro Epokhe\"},\"image\":{\"@id\":\"https:\\\/\\\/sophro-epokhe.fr\\\/#\\\/schema\\\/logo\\\/image\\\/\"}}]}<\/script>\n<!-- \/ Yoast SEO plugin. -->","yoast_head_json":{"title":"Qu'est-ce que la sophrologie ? - Sophro Epokhe","description":"La sophrologie est une m\u00e9thode psychocorporelle. Sa pratique contribue \u00e0 r\u00e9duire le stress, am\u00e9liorer son sommeil, renforcer ses capacit\u00e9s.","robots":{"index":"index","follow":"follow","max-snippet":"max-snippet:-1","max-image-preview":"max-image-preview:large","max-video-preview":"max-video-preview:-1"},"canonical":"https:\/\/sophro-epokhe.fr\/?page_id=438","og_locale":"fr_FR","og_type":"article","og_title":"Qu'est-ce que la sophrologie ? - Sophro Epokhe","og_description":"La sophrologie est une m\u00e9thode psychocorporelle. Sa pratique contribue \u00e0 r\u00e9duire le stress, am\u00e9liorer son sommeil, renforcer ses capacit\u00e9s.","og_url":"https:\/\/sophro-epokhe.fr\/?page_id=438","og_site_name":"Sophro Epokhe","article_modified_time":"2024-09-11T10:50:24+00:00","og_image":[{"url":"https:\/\/sophro-epokhe.fr\/wp-content\/uploads\/2024\/02\/03Sophrologie-relaxation-dynamique-stress-detente-respiration-parenthese-verrieres-le-buisson-91370.jpg","type":"","width":"","height":""}],"twitter_card":"summary_large_image","twitter_misc":{"Dur\u00e9e de lecture estim\u00e9e":"2 minutes"},"schema":{"@context":"https:\/\/schema.org","@graph":[{"@type":"WebPage","@id":"https:\/\/sophro-epokhe.fr\/?page_id=438","url":"https:\/\/sophro-epokhe.fr\/?page_id=438","name":"Qu'est-ce que la sophrologie ? - Sophro Epokhe","isPartOf":{"@id":"https:\/\/sophro-epokhe.fr\/#website"},"primaryImageOfPage":{"@id":"https:\/\/sophro-epokhe.fr\/?page_id=438#primaryimage"},"image":{"@id":"https:\/\/sophro-epokhe.fr\/?page_id=438#primaryimage"},"thumbnailUrl":"https:\/\/sophro-epokhe.fr\/wp-content\/uploads\/2024\/02\/03Sophrologie-relaxation-dynamique-stress-detente-respiration-parenthese-verrieres-le-buisson-91370.jpg","datePublished":"2024-02-07T10:25:43+00:00","dateModified":"2024-09-11T10:50:24+00:00","description":"La sophrologie est une m\u00e9thode psychocorporelle. Sa pratique contribue \u00e0 r\u00e9duire le stress, am\u00e9liorer son sommeil, renforcer ses capacit\u00e9s.","breadcrumb":{"@id":"https:\/\/sophro-epokhe.fr\/?page_id=438#breadcrumb"},"inLanguage":"fr-FR","potentialAction":[{"@type":"ReadAction","target":["https:\/\/sophro-epokhe.fr\/?page_id=438"]}]},{"@type":"ImageObject","inLanguage":"fr-FR","@id":"https:\/\/sophro-epokhe.fr\/?page_id=438#primaryimage","url":"https:\/\/sophro-epokhe.fr\/wp-content\/uploads\/2024\/02\/03Sophrologie-relaxation-dynamique-stress-detente-respiration-parenthese-verrieres-le-buisson-91370.jpg","contentUrl":"https:\/\/sophro-epokhe.fr\/wp-content\/uploads\/2024\/02\/03Sophrologie-relaxation-dynamique-stress-detente-respiration-parenthese-verrieres-le-buisson-91370.jpg","width":1000,"height":666},{"@type":"BreadcrumbList","@id":"https:\/\/sophro-epokhe.fr\/?page_id=438#breadcrumb","itemListElement":[{"@type":"ListItem","position":1,"name":"Accueil","item":"https:\/\/sophro-epokhe.fr\/"},{"@type":"ListItem","position":2,"name":"Qu&rsquo;est-ce que la sophrologie ?"}]},{"@type":"WebSite","@id":"https:\/\/sophro-epokhe.fr\/#website","url":"https:\/\/sophro-epokhe.fr\/","name":"Sophro Epokhe","description":"","publisher":{"@id":"https:\/\/sophro-epokhe.fr\/#organization"},"potentialAction":[{"@type":"SearchAction","target":{"@type":"EntryPoint","urlTemplate":"https:\/\/sophro-epokhe.fr\/?s={search_term_string}"},"query-input":{"@type":"PropertyValueSpecification","valueRequired":true,"valueName":"search_term_string"}}],"inLanguage":"fr-FR"},{"@type":"Organization","@id":"https:\/\/sophro-epokhe.fr\/#organization","name":"Sophro Epokhe","url":"https:\/\/sophro-epokhe.fr\/","logo":{"@type":"ImageObject","inLanguage":"fr-FR","@id":"https:\/\/sophro-epokhe.fr\/#\/schema\/logo\/image\/","url":"https:\/\/sophro-epokhe.fr\/wp-content\/uploads\/2024\/04\/cropped-logo.jpg","contentUrl":"https:\/\/sophro-epokhe.fr\/wp-content\/uploads\/2024\/04\/cropped-logo.jpg","width":384,"height":384,"caption":"Sophro Epokhe"},"image":{"@id":"https:\/\/sophro-epokhe.fr\/#\/schema\/logo\/image\/"}}]}},"_links":{"self":[{"href":"https:\/\/sophro-epokhe.fr\/index.php?rest_route=\/wp\/v2\/pages\/438","targetHints":{"allow":["GET"]}}],"collection":[{"href":"https:\/\/sophro-epokhe.fr\/index.php?rest_route=\/wp\/v2\/pages"}],"about":[{"href":"https:\/\/sophro-epokhe.fr\/index.php?rest_route=\/wp\/v2\/types\/page"}],"author":[{"embeddable":true,"href":"https:\/\/sophro-epokhe.fr\/index.php?rest_route=\/wp\/v2\/users\/1"}],"replies":[{"embeddable":true,"href":"https:\/\/sophro-epokhe.fr\/index.php?rest_route=%2Fwp%2Fv2%2Fcomments&post=438"}],"version-history":[{"count":56,"href":"https:\/\/sophro-epokhe.fr\/index.php?rest_route=\/wp\/v2\/pages\/438\/revisions"}],"predecessor-version":[{"id":1376,"href":"https:\/\/sophro-epokhe.fr\/index.php?rest_route=\/wp\/v2\/pages\/438\/revisions\/1376"}],"wp:attachment":[{"href":"https:\/\/sophro-epokhe.fr\/index.php?rest_route=%2Fwp%2Fv2%2Fmedia&parent=438"}],"curies":[{"name":"wp","href":"https:\/\/api.w.org\/{rel}","templated":true}]}}